{"id":2066,"date":"2021-09-26T11:13:58","date_gmt":"2021-09-26T09:13:58","guid":{"rendered":"http:\/\/xn--choeurprlude-ieb.be\/?page_id=2066"},"modified":"2022-05-09T11:02:53","modified_gmt":"2022-05-09T09:02:53","slug":"ecoutez-ce-que-nous-avons-chante-audio","status":"publish","type":"page","link":"https:\/\/xn--choeurprlude-ieb.be\/?page_id=2066","title":{"rendered":"Ecoutez ce que nous avons chant\u00e9 (audio)"},"content":{"rendered":"<div class=\"su-note font-size: 14\"  style=\"border-color:#9cdd7f;border-radius:5px;-moz-border-radius:5px;-webkit-border-radius:5px;\"><div class=\"su-note-inner su-u-clearfix su-u-trim\" style=\"background-color:#b6f799;border-color:#ffffff;color:#333333;border-radius:5px;-moz-border-radius:5px;-webkit-border-radius:5px;\"><span style=\"font-size: 14pt;\">Voici une partie de ce que nous avons travaill\u00e9:<\/span><\/div><\/div>\n<p><em><strong>Mascagni &#8211; Regina coeli (\u00e0 partir de la page 41)<\/strong><\/em><\/p>\n<p><a href=\"https:\/\/archive.org\/details\/Callasinneggiamo\">https:\/\/archive.org\/details\/Callasinneggiamo<\/a><\/p>\n<div class=\"su-divider su-divider-style-default\" style=\"margin:15px 0;border-width:3px;border-color:#999999\"><\/div>\n<p><em><strong>Wagner &#8211; Tannha\u00fcser &#8211; Freudig begr\u00fc\u00dfen wir die Halle<\/strong><\/em><\/p>\n<div class=\"su-audio\" data-id=\"su_audio_player_69f2fdb97638e\" data-audio=\"http:\/\/xn--choeurprlude-ieb.be\/wp-content\/uploads\/2017\/06\/R.-Wagner-Tannh\u00e4user-Act-2-Freudig-begr\u00fc\u00dfen-wir-die-edle-Halle.mp3\" data-swf=\"https:\/\/xn--choeurprlude-ieb.be\/wp-content\/plugins\/shortcodes-ultimate\/vendor\/jplayer\/jplayer.swf\" data-autoplay=\"no\" data-loop=\"no\" style=\"\"><div id=\"su_audio_player_69f2fdb97638e\" class=\"jp-jplayer\"><\/div><div id=\"su_audio_player_69f2fdb97638e_container\" class=\"jp-audio\"><div class=\"jp-type-single\"><div class=\"jp-gui jp-interface\"><div class=\"jp-controls\"><span class=\"jp-play\"><\/span><span class=\"jp-pause\"><\/span><span class=\"jp-stop\"><\/span><span class=\"jp-mute\"><\/span><span class=\"jp-unmute\"><\/span><span class=\"jp-volume-max\"><\/span><\/div><div class=\"jp-progress\"><div class=\"jp-seek-bar\"><div class=\"jp-play-bar\"><\/div><\/div><\/div><div class=\"jp-volume-bar\"><div class=\"jp-volume-bar-value\"><\/div><\/div><div class=\"jp-current-time\"><\/div><div class=\"jp-duration\"><\/div><\/div><div class=\"jp-title\"><\/div><\/div><\/div><\/div>\n<div class=\"su-divider su-divider-style-default\" style=\"margin:15px 0;border-width:3px;border-color:#999999\"><\/div>\n<p><em><strong>Wagner &#8211; Tannha\u00fcser &#8211; Begl\u00fcckt darf nun dich, o Heimat (CHOEUR D&rsquo;HOMMES)<\/strong><\/em><\/p>\n<div class=\"su-audio\" data-id=\"su_audio_player_69f2fdb976417\" data-audio=\"http:\/\/xn--choeurprlude-ieb.be\/wp-content\/uploads\/2017\/06\/Begl\u00fcckt-darf-nun-dich-o-Heimat-Tannh\u00e4user.mp3\" data-swf=\"https:\/\/xn--choeurprlude-ieb.be\/wp-content\/plugins\/shortcodes-ultimate\/vendor\/jplayer\/jplayer.swf\" data-autoplay=\"no\" data-loop=\"no\" style=\"\"><div id=\"su_audio_player_69f2fdb976417\" class=\"jp-jplayer\"><\/div><div id=\"su_audio_player_69f2fdb976417_container\" class=\"jp-audio\"><div class=\"jp-type-single\"><div class=\"jp-gui jp-interface\"><div class=\"jp-controls\"><span class=\"jp-play\"><\/span><span class=\"jp-pause\"><\/span><span class=\"jp-stop\"><\/span><span class=\"jp-mute\"><\/span><span class=\"jp-unmute\"><\/span><span class=\"jp-volume-max\"><\/span><\/div><div class=\"jp-progress\"><div class=\"jp-seek-bar\"><div class=\"jp-play-bar\"><\/div><\/div><\/div><div class=\"jp-volume-bar\"><div class=\"jp-volume-bar-value\"><\/div><\/div><div class=\"jp-current-time\"><\/div><div class=\"jp-duration\"><\/div><\/div><div class=\"jp-title\"><\/div><\/div><\/div><\/div>\n<div class=\"su-divider su-divider-style-default\" style=\"margin:15px 0;border-width:3px;border-color:#999999\"><\/div>\n<p><em><strong>Karl Jenkins &#8211; Cantate Domino<\/strong><\/em><\/p>\n<div class=\"su-audio\" data-id=\"su_audio_player_69f2fdb97648b\" data-audio=\"http:\/\/xn--choeurprlude-ieb.be\/wp-content\/uploads\/2017\/09\/Karl-Jenkins-Cantate-Domino-1.mp3\" data-swf=\"https:\/\/xn--choeurprlude-ieb.be\/wp-content\/plugins\/shortcodes-ultimate\/vendor\/jplayer\/jplayer.swf\" data-autoplay=\"no\" data-loop=\"no\" style=\"\"><div id=\"su_audio_player_69f2fdb97648b\" class=\"jp-jplayer\"><\/div><div id=\"su_audio_player_69f2fdb97648b_container\" class=\"jp-audio\"><div class=\"jp-type-single\"><div class=\"jp-gui jp-interface\"><div class=\"jp-controls\"><span class=\"jp-play\"><\/span><span class=\"jp-pause\"><\/span><span class=\"jp-stop\"><\/span><span class=\"jp-mute\"><\/span><span class=\"jp-unmute\"><\/span><span class=\"jp-volume-max\"><\/span><\/div><div class=\"jp-progress\"><div class=\"jp-seek-bar\"><div class=\"jp-play-bar\"><\/div><\/div><\/div><div class=\"jp-volume-bar\"><div class=\"jp-volume-bar-value\"><\/div><\/div><div class=\"jp-current-time\"><\/div><div class=\"jp-duration\"><\/div><\/div><div class=\"jp-title\"><\/div><\/div><\/div><\/div>\n<div class=\"su-divider su-divider-style-default\" style=\"margin:15px 0;border-width:3px;border-color:#999999\"><\/div>\n<p><em><strong>Schutz: Sumite psalmum<\/strong><\/em><\/p>\n<div class=\"su-audio\" data-id=\"su_audio_player_69f2fdb9764f7\" data-audio=\"http:\/\/xn--choeurprlude-ieb.be\/wp-content\/uploads\/2017\/04\/Sumite-Psalmum.mp3\" data-swf=\"https:\/\/xn--choeurprlude-ieb.be\/wp-content\/plugins\/shortcodes-ultimate\/vendor\/jplayer\/jplayer.swf\" data-autoplay=\"no\" data-loop=\"no\" style=\"\"><div id=\"su_audio_player_69f2fdb9764f7\" class=\"jp-jplayer\"><\/div><div id=\"su_audio_player_69f2fdb9764f7_container\" class=\"jp-audio\"><div class=\"jp-type-single\"><div class=\"jp-gui jp-interface\"><div class=\"jp-controls\"><span class=\"jp-play\"><\/span><span class=\"jp-pause\"><\/span><span class=\"jp-stop\"><\/span><span class=\"jp-mute\"><\/span><span class=\"jp-unmute\"><\/span><span class=\"jp-volume-max\"><\/span><\/div><div class=\"jp-progress\"><div class=\"jp-seek-bar\"><div class=\"jp-play-bar\"><\/div><\/div><\/div><div class=\"jp-volume-bar\"><div class=\"jp-volume-bar-value\"><\/div><\/div><div class=\"jp-current-time\"><\/div><div class=\"jp-duration\"><\/div><\/div><div class=\"jp-title\"><\/div><\/div><\/div><\/div>\n<div class=\"su-divider su-divider-style-default\" style=\"margin:15px 0;border-width:3px;border-color:#999999\"><\/div>\n<p><em><strong>Buxtehude Cantata Jesu, meines Lebens Leben<\/strong><\/em><\/p>\n<!--[if lt IE 9]><script>document.createElement('audio');<\/script><![endif]-->\n<audio class=\"wp-audio-shortcode\" id=\"audio-2066-1\" preload=\"none\" style=\"width: 100%;\" controls=\"controls\"><source type=\"audio\/mpeg\" src=\"http:\/\/xn--choeurprlude-ieb.be\/wp-content\/uploads\/2017\/01\/Buxtehude-Cantata-Jesu-meines-Lebens-Leben.mp3?_=1\" \/><a href=\"http:\/\/xn--choeurprlude-ieb.be\/wp-content\/uploads\/2017\/01\/Buxtehude-Cantata-Jesu-meines-Lebens-Leben.mp3\">http:\/\/xn--choeurprlude-ieb.be\/wp-content\/uploads\/2017\/01\/Buxtehude-Cantata-Jesu-meines-Lebens-Leben.mp3<\/a><\/audio>\n<div class=\"su-divider su-divider-style-default\" style=\"margin:15px 0;border-width:3px;border-color:#999999\"><\/div>\n<p><em><strong>Karl Jenkins &#8211; Healing light<\/strong><\/em><\/p>\n<div class=\"su-audio\" data-id=\"su_audio_player_69f2fdb976bd4\" data-audio=\"http:\/\/xn--choeurprlude-ieb.be\/wp-content\/uploads\/2017\/09\/Karl-Jenkins-Healing-Light.mp3\" data-swf=\"https:\/\/xn--choeurprlude-ieb.be\/wp-content\/plugins\/shortcodes-ultimate\/vendor\/jplayer\/jplayer.swf\" data-autoplay=\"no\" data-loop=\"no\" style=\"\"><div id=\"su_audio_player_69f2fdb976bd4\" class=\"jp-jplayer\"><\/div><div id=\"su_audio_player_69f2fdb976bd4_container\" class=\"jp-audio\"><div class=\"jp-type-single\"><div class=\"jp-gui jp-interface\"><div class=\"jp-controls\"><span class=\"jp-play\"><\/span><span class=\"jp-pause\"><\/span><span class=\"jp-stop\"><\/span><span class=\"jp-mute\"><\/span><span class=\"jp-unmute\"><\/span><span class=\"jp-volume-max\"><\/span><\/div><div class=\"jp-progress\"><div class=\"jp-seek-bar\"><div class=\"jp-play-bar\"><\/div><\/div><\/div><div class=\"jp-volume-bar\"><div class=\"jp-volume-bar-value\"><\/div><\/div><div class=\"jp-current-time\"><\/div><div class=\"jp-duration\"><\/div><\/div><div class=\"jp-title\"><\/div><\/div><\/div><\/div>\n<div class=\"su-divider su-divider-style-default\" style=\"margin:15px 0;border-width:3px;border-color:#999999\"><\/div>\n<p><em><strong>G-F. Telemann: Saget der Tochter Zion<\/strong><\/em><\/p>\n<audio class=\"wp-audio-shortcode\" id=\"audio-2066-2\" preload=\"none\" style=\"width: 100%;\" controls=\"controls\"><source type=\"audio\/mpeg\" src=\"http:\/\/xn--choeurprlude-ieb.be\/wp-content\/uploads\/2017\/02\/SAGET-DER-TOCHTER-ZION-G.Ph_.-TELEMANN.mp3?_=2\" \/><a href=\"http:\/\/xn--choeurprlude-ieb.be\/wp-content\/uploads\/2017\/02\/SAGET-DER-TOCHTER-ZION-G.Ph_.-TELEMANN.mp3\">http:\/\/xn--choeurprlude-ieb.be\/wp-content\/uploads\/2017\/02\/SAGET-DER-TOCHTER-ZION-G.Ph_.-TELEMANN.mp3<\/a><\/audio>\n<div class=\"su-divider su-divider-style-default\" style=\"margin:15px 0;border-width:3px;border-color:#999999\"><\/div>\n<p><em><strong>F. Tuma: Stabat mater<\/strong><\/em><\/p>\n<audio class=\"wp-audio-shortcode\" id=\"audio-2066-3\" preload=\"none\" style=\"width: 100%;\" controls=\"controls\"><source type=\"audio\/mpeg\" src=\"http:\/\/xn--choeurprlude-ieb.be\/wp-content\/uploads\/2017\/09\/Stabat-Mater-Franti\u0161ek-T\u016fma-1704-1774.mp3?_=3\" \/><a href=\"http:\/\/xn--choeurprlude-ieb.be\/wp-content\/uploads\/2017\/09\/Stabat-Mater-Franti\u0161ek-T\u016fma-1704-1774.mp3\">http:\/\/xn--choeurprlude-ieb.be\/wp-content\/uploads\/2017\/09\/Stabat-Mater-Franti\u0161ek-T\u016fma-1704-1774.mp3<\/a><\/audio>\n<div class=\"su-divider su-divider-style-default\" style=\"margin:15px 0;border-width:3px;border-color:#999999\"><\/div>\n<p><em><strong>Schutz: Sumite psalmum<\/strong><\/em><\/p>\n<div class=\"su-audio\" data-id=\"su_audio_player_69f2fdb976d08\" data-audio=\"http:\/\/xn--choeurprlude-ieb.be\/wp-content\/uploads\/2017\/04\/Sumite-Psalmum.mp3\" data-swf=\"https:\/\/xn--choeurprlude-ieb.be\/wp-content\/plugins\/shortcodes-ultimate\/vendor\/jplayer\/jplayer.swf\" data-autoplay=\"no\" data-loop=\"no\" style=\"\"><div id=\"su_audio_player_69f2fdb976d08\" class=\"jp-jplayer\"><\/div><div id=\"su_audio_player_69f2fdb976d08_container\" class=\"jp-audio\"><div class=\"jp-type-single\"><div class=\"jp-gui jp-interface\"><div class=\"jp-controls\"><span class=\"jp-play\"><\/span><span class=\"jp-pause\"><\/span><span class=\"jp-stop\"><\/span><span class=\"jp-mute\"><\/span><span class=\"jp-unmute\"><\/span><span class=\"jp-volume-max\"><\/span><\/div><div class=\"jp-progress\"><div class=\"jp-seek-bar\"><div class=\"jp-play-bar\"><\/div><\/div><\/div><div class=\"jp-volume-bar\"><div class=\"jp-volume-bar-value\"><\/div><\/div><div class=\"jp-current-time\"><\/div><div class=\"jp-duration\"><\/div><\/div><div class=\"jp-title\"><\/div><\/div><\/div><\/div>\n<div class=\"su-divider su-divider-style-default\" style=\"margin:15px 0;border-width:3px;border-color:#999999\"><\/div>\n<p><em><strong>Buxtehude Cantata Jesu, meines Lebens Leben<\/strong><\/em><\/p>\n<audio class=\"wp-audio-shortcode\" id=\"audio-2066-4\" preload=\"none\" style=\"width: 100%;\" controls=\"controls\"><source type=\"audio\/mpeg\" src=\"http:\/\/xn--choeurprlude-ieb.be\/wp-content\/uploads\/2017\/01\/Buxtehude-Cantata-Jesu-meines-Lebens-Leben.mp3?_=4\" \/><a href=\"http:\/\/xn--choeurprlude-ieb.be\/wp-content\/uploads\/2017\/01\/Buxtehude-Cantata-Jesu-meines-Lebens-Leben.mp3\">http:\/\/xn--choeurprlude-ieb.be\/wp-content\/uploads\/2017\/01\/Buxtehude-Cantata-Jesu-meines-Lebens-Leben.mp3<\/a><\/audio>\n<div class=\"su-divider su-divider-style-default\" style=\"margin:15px 0;border-width:3px;border-color:#999999\"><\/div>\n<p><em><strong>Traditionnel from Native Americans: Evening rise<\/strong><\/em><\/p>\n<audio class=\"wp-audio-shortcode\" id=\"audio-2066-5\" preload=\"none\" style=\"width: 100%;\" controls=\"controls\"><source type=\"audio\/mpeg\" src=\"http:\/\/xn--choeurprlude-ieb.be\/wp-content\/uploads\/2021\/09\/Evening-rise-Traditional-from-Native-American-Arrangement-Maeinhard-ANSOHN-416-2021-09-13.mp3?_=5\" \/><a href=\"http:\/\/xn--choeurprlude-ieb.be\/wp-content\/uploads\/2021\/09\/Evening-rise-Traditional-from-Native-American-Arrangement-Maeinhard-ANSOHN-416-2021-09-13.mp3\">http:\/\/xn--choeurprlude-ieb.be\/wp-content\/uploads\/2021\/09\/Evening-rise-Traditional-from-Native-American-Arrangement-Maeinhard-ANSOHN-416-2021-09-13.mp3<\/a><\/audio>\n<div class=\"su-divider su-divider-style-default\" style=\"margin:15px 0;border-width:3px;border-color:#999999\"><\/div>\n<p>Johann Sebastian Bach : Ich steh an deiner Krippen hier, BWV 469<\/p>\n<audio class=\"wp-audio-shortcode\" id=\"audio-2066-6\" preload=\"none\" style=\"width: 100%;\" controls=\"controls\"><source type=\"audio\/mpeg\" src=\"http:\/\/xn--choeurprlude-ieb.be\/wp-content\/uploads\/2021\/09\/Ich-steh-an-deiner-Krippen-hier-BWV-469-Johann-Sebastian-Bach-.mp3?_=6\" \/><a href=\"http:\/\/xn--choeurprlude-ieb.be\/wp-content\/uploads\/2021\/09\/Ich-steh-an-deiner-Krippen-hier-BWV-469-Johann-Sebastian-Bach-.mp3\">http:\/\/xn--choeurprlude-ieb.be\/wp-content\/uploads\/2021\/09\/Ich-steh-an-deiner-Krippen-hier-BWV-469-Johann-Sebastian-Bach-.mp3<\/a><\/audio>\n","protected":false},"excerpt":{"rendered":"<p>Mascagni &#8211; Regina coeli (\u00e0 partir de la page 41) https:\/\/archive.org\/details\/Callasinneggiamo Wagner &#8211; Tannha\u00fcser &#8211; Freudig begr\u00fc\u00dfen wir die Halle Wagner &#8211; Tannha\u00fcser &#8211; Begl\u00fcckt darf nun dich, o Heimat (CHOEUR D&rsquo;HOMMES) Karl Jenkins &#8211; Cantate Domino Schutz: Sumite psalmum &hellip; <a href=\"https:\/\/xn--choeurprlude-ieb.be\/?page_id=2066\">Continuer la lecture <span class=\"meta-nav\">&rarr;<\/span><\/a><\/p>\n","protected":false},"author":14,"featured_media":0,"parent":147,"menu_order":53,"comment_status":"closed","ping_status":"closed","template":"","meta":{"footnotes":""},"_links":{"self":[{"href":"https:\/\/xn--choeurprlude-ieb.be\/index.php?rest_route=\/wp\/v2\/pages\/2066"}],"collection":[{"href":"https:\/\/xn--choeurprlude-ieb.be\/index.php?rest_route=\/wp\/v2\/pages"}],"about":[{"href":"https:\/\/xn--choeurprlude-ieb.be\/index.php?rest_route=\/wp\/v2\/types\/page"}],"author":[{"embeddable":true,"href":"https:\/\/xn--choeurprlude-ieb.be\/index.php?rest_route=\/wp\/v2\/users\/14"}],"replies":[{"embeddable":true,"href":"https:\/\/xn--choeurprlude-ieb.be\/index.php?rest_route=%2Fwp%2Fv2%2Fcomments&post=2066"}],"version-history":[{"count":6,"href":"https:\/\/xn--choeurprlude-ieb.be\/index.php?rest_route=\/wp\/v2\/pages\/2066\/revisions"}],"predecessor-version":[{"id":2264,"href":"https:\/\/xn--choeurprlude-ieb.be\/index.php?rest_route=\/wp\/v2\/pages\/2066\/revisions\/2264"}],"up":[{"embeddable":true,"href":"https:\/\/xn--choeurprlude-ieb.be\/index.php?rest_route=\/wp\/v2\/pages\/147"}],"wp:attachment":[{"href":"https:\/\/xn--choeurprlude-ieb.be\/index.php?rest_route=%2Fwp%2Fv2%2Fmedia&parent=2066"}],"curies":[{"name":"wp","href":"https:\/\/api.w.org\/{rel}","templated":true}]}}