{"id":349,"date":"2017-02-10T11:09:11","date_gmt":"2017-02-10T10:09:11","guid":{"rendered":"http:\/\/xn--choeurprlude-ieb.be\/?page_id=349"},"modified":"2020-11-27T11:02:00","modified_gmt":"2020-11-27T10:02:00","slug":"photos-privees","status":"publish","type":"page","link":"https:\/\/xn--choeurprlude-ieb.be\/?page_id=349","title":{"rendered":"Photos priv\u00e9es"},"content":{"rendered":"<p><span style=\"text-decoration: underline;\"><strong>Informations pour la lecture des photos:<\/strong><\/span><br \/>\nPour passer en mode \u00ab\u00a0diaporama\u00a0\u00bb avec avancement manuel, cliquer sur le message :<br \/>\n<span style=\"color: #0000ff;\">[Montrer sous forme de vignettes]<\/span><br \/>\nse trouvant au dessus de la premi\u00e8re photo.<\/p>\n<p>Cliquer ensuite sur la premi\u00e8re vignette.<\/p>\n<p>Une nouvelle fen\u00eatre s&rsquo;ouvre avec la photo en grandeur r\u00e9elle et vous apercevez des fl\u00e8ches \u00e0 droite et \u00e0 gauche sur lesquelles cliquer pour passer \u00e0 la photo suivante ou pr\u00e9c\u00e9dente.<\/p>\n<p>Pour fermer la fen\u00eatre, cliquer sur la croix en haut \u00e0 droite de cette fen\u00eatre<\/p>\n<div class=\"su-divider su-divider-style-default\" style=\"margin:15px 0;border-width:3px;border-color:#999999\"><\/div>\n<p><strong>Photos du souper du 3 F\u00e9vrier 2017<\/strong><\/p>\n[ngg_images source=\u00a0\u00bbgalleries\u00a0\u00bb container_ids=\u00a0\u00bb1&Prime; display_type=\u00a0\u00bbphotocrati-nextgen_basic_slideshow\u00a0\u00bb gallery_width=\u00a0\u00bb600&Prime; gallery_height=\u00a0\u00bb400&Prime; cycle_effect=\u00a0\u00bbfade\u00a0\u00bb cycle_interval=\u00a0\u00bb10&Prime; show_thumbnail_link=\u00a0\u00bb1&Prime; thumbnail_link_text=\u00a0\u00bb[Montrer sous forme de vignettes]\u00a0\u00bb order_by=\u00a0\u00bbsortorder\u00a0\u00bb order_direction=\u00a0\u00bbASC\u00a0\u00bb returns=\u00a0\u00bbincluded\u00a0\u00bb maximum_entity_count=\u00a0\u00bb500&Prime;]&nbsp;<br \/>\n<div class=\"su-divider su-divider-style-default\" style=\"margin:15px 0;border-width:3px;border-color:#999999\"><\/div>\n<p><strong><em>Pr\u00e9paration du concert de choeurs d&rsquo;Op\u00e9ra du 13 janvier 2018<\/em><\/strong><\/p>\n[ngg_images source=\u00a0\u00bbgalleries\u00a0\u00bb container_ids=\u00a0\u00bb6&Prime; display_type=\u00a0\u00bbphotocrati-nextgen_basic_slideshow\u00a0\u00bb gallery_width=\u00a0\u00bb600&Prime; gallery_height=\u00a0\u00bb400&Prime; cycle_effect=\u00a0\u00bbfade\u00a0\u00bb cycle_interval=\u00a0\u00bb10&Prime; show_thumbnail_link=\u00a0\u00bb1&Prime; thumbnail_link_text=\u00a0\u00bb[Montrer sous forme de vignettes]\u00a0\u00bb order_by=\u00a0\u00bbsortorder\u00a0\u00bb order_direction=\u00a0\u00bbASC\u00a0\u00bb returns=\u00a0\u00bbincluded\u00a0\u00bb maximum_entity_count=\u00a0\u00bb500&Prime;]<div class=\"su-divider su-divider-style-default\" style=\"margin:15px 0;border-width:3px;border-color:#999999\"><\/div>\n<p><strong><em>PHOTOS DU SOUPER DU 23 MARS 2018<\/em><\/strong><\/p>\n[ngg_images source=\u00a0\u00bbgalleries\u00a0\u00bb container_ids=\u00a0\u00bb5&Prime; display_type=\u00a0\u00bbphotocrati-nextgen_basic_slideshow\u00a0\u00bb gallery_width=\u00a0\u00bb600&Prime; gallery_height=\u00a0\u00bb400&Prime; cycle_effect=\u00a0\u00bbfade\u00a0\u00bb cycle_interval=\u00a0\u00bb10&Prime; show_thumbnail_link=\u00a0\u00bb1&Prime; thumbnail_link_text=\u00a0\u00bb[Montrer sous forme de vignettes]\u00a0\u00bb order_by=\u00a0\u00bbsortorder\u00a0\u00bb order_direction=\u00a0\u00bbASC\u00a0\u00bb returns=\u00a0\u00bbincluded\u00a0\u00bb maximum_entity_count=\u00a0\u00bb500&Prime;]<div class=\"su-divider su-divider-style-default\" style=\"margin:15px 0;border-width:3px;border-color:#999999\"><\/div>\n<p><strong><em>PHOTOS DU VOYAGE EN ALSACE &#8211; MAI 2018<\/em><\/strong><\/p>\n[ngg_images source=\u00a0\u00bbgalleries\u00a0\u00bb container_ids=\u00a0\u00bb7&Prime; display_type=\u00a0\u00bbphotocrati-nextgen_basic_slideshow\u00a0\u00bb gallery_width=\u00a0\u00bb600&Prime; gallery_height=\u00a0\u00bb400&Prime; cycle_effect=\u00a0\u00bbfade\u00a0\u00bb cycle_interval=\u00a0\u00bb10&Prime; show_thumbnail_link=\u00a0\u00bb1&Prime; thumbnail_link_text=\u00a0\u00bb[Montrer sous forme de vignettes]\u00a0\u00bb order_by=\u00a0\u00bbsortorder\u00a0\u00bb order_direction=\u00a0\u00bbASC\u00a0\u00bb returns=\u00a0\u00bbincluded\u00a0\u00bb maximum_entity_count=\u00a0\u00bb500&Prime;]&nbsp;<\/p>\n<p><strong><em>PHOTOS DE LA JOURNEE A MONTMEDY &#8211; SEPTEMBRE 2019<br \/>\n<\/em><\/strong><\/p>\n<p><span style=\"text-decoration: underline;\"><strong>R\u00e9p\u00e9tition:<\/strong><\/span><\/p>\n[ngg_images source=\u00a0\u00bbgalleries\u00a0\u00bb container_ids=\u00a0\u00bb8&Prime; display_type=\u00a0\u00bbphotocrati-nextgen_basic_slideshow\u00a0\u00bb gallery_width=\u00a0\u00bb600&Prime; gallery_height=\u00a0\u00bb400&Prime; cycle_effect=\u00a0\u00bbfade\u00a0\u00bb cycle_interval=\u00a0\u00bb10&Prime; show_thumbnail_link=\u00a0\u00bb1&Prime; thumbnail_link_text=\u00a0\u00bb[Montrer sous forme de vignettes]\u00a0\u00bb order_by=\u00a0\u00bbsortorder\u00a0\u00bb order_direction=\u00a0\u00bbASC\u00a0\u00bb returns=\u00a0\u00bbincluded\u00a0\u00bb maximum_entity_count=\u00a0\u00bb500&Prime;]&nbsp;<\/p>\n<p><span style=\"text-decoration: underline;\"><strong>Repas:<\/strong><\/span><\/p>\n[ngg_images source=\u00a0\u00bbgalleries\u00a0\u00bb container_ids=\u00a0\u00bb9&Prime; display_type=\u00a0\u00bbphotocrati-nextgen_basic_slideshow\u00a0\u00bb gallery_width=\u00a0\u00bb600&Prime; gallery_height=\u00a0\u00bb400&Prime; cycle_effect=\u00a0\u00bbfade\u00a0\u00bb cycle_interval=\u00a0\u00bb10&Prime; show_thumbnail_link=\u00a0\u00bb1&Prime; thumbnail_link_text=\u00a0\u00bb[Montrer sous forme de vignettes]\u00a0\u00bb order_by=\u00a0\u00bbsortorder\u00a0\u00bb order_direction=\u00a0\u00bbASC\u00a0\u00bb returns=\u00a0\u00bbincluded\u00a0\u00bb maximum_entity_count=\u00a0\u00bb500&Prime;]&nbsp;<\/p>\n<p><strong><em>SOUVENIRS DE MARIE-JO d\u00e9c\u00e9d\u00e9e le 20\/11\/2020<\/p>\n<p>Merci \u00e0 ceux qui ont effectu\u00e9 les recherches pour trouver toutes ces photos souvenir<\/em><\/strong><\/p>\n[ngg_images source=\u00a0\u00bbgalleries\u00a0\u00bb container_ids=\u00a0\u00bb13&Prime; display_type=\u00a0\u00bbphotocrati-nextgen_basic_slideshow\u00a0\u00bb gallery_width=\u00a0\u00bb600&Prime; gallery_height=\u00a0\u00bb400&Prime; cycle_effect=\u00a0\u00bbfade\u00a0\u00bb cycle_interval=\u00a0\u00bb10&Prime; show_thumbnail_link=\u00a0\u00bb1&Prime; thumbnail_link_text=\u00a0\u00bb[Montrer sous forme de vignettes]\u00a0\u00bb order_by=\u00a0\u00bbsortorder\u00a0\u00bb order_direction=\u00a0\u00bbASC\u00a0\u00bb returns=\u00a0\u00bbincluded\u00a0\u00bb maximum_entity_count=\u00a0\u00bb500&Prime;]&nbsp;<\/p>\n","protected":false},"excerpt":{"rendered":"<p>[ngg_images source=\u00a0\u00bbgalleries\u00a0\u00bb container_ids=\u00a0\u00bb1&Prime; display_type=\u00a0\u00bbphotocrati-nextgen_basic_imagebrowser\u00a0\u00bb ajax_pagination=\u00a0\u00bb0&Prime; order_by=\u00a0\u00bbsortorder\u00a0\u00bb order_direction=\u00a0\u00bbASC\u00a0\u00bb returns=\u00a0\u00bbincluded\u00a0\u00bb maximum_entity_count=\u00a0\u00bb500&Prime;][ngg_images source=\u00a0\u00bbgalleries\u00a0\u00bb container_ids=\u00a0\u00bb1&Prime; display_type=\u00a0\u00bbphotocrati-nextgen_basic_imagebrowser\u00a0\u00bb ajax_pagination=\u00a0\u00bb0&Prime; order_by=\u00a0\u00bbsortorder\u00a0\u00bb order_direction=\u00a0\u00bbASC\u00a0\u00bb returns=\u00a0\u00bbincluded\u00a0\u00bb maximum_entity_count=\u00a0\u00bb500&Prime;] <a href=\"https:\/\/xn--choeurprlude-ieb.be\/?page_id=349\">Continuer la lecture <span class=\"meta-nav\">&rarr;<\/span><\/a><\/p>\n","protected":false},"author":14,"featured_media":0,"parent":76,"menu_order":80,"comment_status":"closed","ping_status":"closed","template":"","meta":{"footnotes":""},"_links":{"self":[{"href":"https:\/\/xn--choeurprlude-ieb.be\/index.php?rest_route=\/wp\/v2\/pages\/349"}],"collection":[{"href":"https:\/\/xn--choeurprlude-ieb.be\/index.php?rest_route=\/wp\/v2\/pages"}],"about":[{"href":"https:\/\/xn--choeurprlude-ieb.be\/index.php?rest_route=\/wp\/v2\/types\/page"}],"author":[{"embeddable":true,"href":"https:\/\/xn--choeurprlude-ieb.be\/index.php?rest_route=\/wp\/v2\/users\/14"}],"replies":[{"embeddable":true,"href":"https:\/\/xn--choeurprlude-ieb.be\/index.php?rest_route=%2Fwp%2Fv2%2Fcomments&post=349"}],"version-history":[{"count":22,"href":"https:\/\/xn--choeurprlude-ieb.be\/index.php?rest_route=\/wp\/v2\/pages\/349\/revisions"}],"predecessor-version":[{"id":351,"href":"https:\/\/xn--choeurprlude-ieb.be\/index.php?rest_route=\/wp\/v2\/pages\/349\/revisions\/351"}],"up":[{"embeddable":true,"href":"https:\/\/xn--choeurprlude-ieb.be\/index.php?rest_route=\/wp\/v2\/pages\/76"}],"wp:attachment":[{"href":"https:\/\/xn--choeurprlude-ieb.be\/index.php?rest_route=%2Fwp%2Fv2%2Fmedia&parent=349"}],"curies":[{"name":"wp","href":"https:\/\/api.w.org\/{rel}","templated":true}]}}

Photos privées

<p><span style="text-decoration: underline;"><strong>Informations pour la lecture des photos:</strong></span><br />
Pour passer en mode « diaporama » avec avancement manuel, cliquer sur le message :<br />
<span style="color: #0000ff;">[Montrer sous forme de vignettes]</span><br />
se trouvant au dessus de la première photo.</p>
<p>Cliquer ensuite sur la première vignette.</p>
<p>Une nouvelle fenêtre s&rsquo;ouvre avec la photo en grandeur réelle et vous apercevez des flèches à droite et à gauche sur lesquelles cliquer pour passer à la photo suivante ou précédente.</p>
<p>Pour fermer la fenêtre, cliquer sur la croix en haut à droite de cette fenêtre</p>
<div class="su-divider su-divider-style-default" style="margin:15px 0;border-width:3px;border-color:#999999"></div>
<p><strong>Photos du souper du 3 Février 2017</strong></p>
[ngg_images source= »galleries » container_ids= »1&Prime; display_type= »photocrati-nextgen_basic_slideshow » gallery_width= »600&Prime; gallery_height= »400&Prime; cycle_effect= »fade » cycle_interval= »10&Prime; show_thumbnail_link= »1&Prime; thumbnail_link_text= »[Montrer sous forme de vignettes] » order_by= »sortorder » order_direction= »ASC » returns= »included » maximum_entity_count= »500&Prime;]&nbsp;<br />
<div class="su-divider su-divider-style-default" style="margin:15px 0;border-width:3px;border-color:#999999"></div>
<p><strong><em>Préparation du concert de choeurs d&rsquo;Opéra du 13 janvier 2018</em></strong></p>
[ngg_images source= »galleries » container_ids= »6&Prime; display_type= »photocrati-nextgen_basic_slideshow » gallery_width= »600&Prime; gallery_height= »400&Prime; cycle_effect= »fade » cycle_interval= »10&Prime; show_thumbnail_link= »1&Prime; thumbnail_link_text= »[Montrer sous forme de vignettes] » order_by= »sortorder » order_direction= »ASC » returns= »included » maximum_entity_count= »500&Prime;]<div class="su-divider su-divider-style-default" style="margin:15px 0;border-width:3px;border-color:#999999"></div>
<p><strong><em>PHOTOS DU SOUPER DU 23 MARS 2018</em></strong></p>
[ngg_images source= »galleries » container_ids= »5&Prime; display_type= »photocrati-nextgen_basic_slideshow » gallery_width= »600&Prime; gallery_height= »400&Prime; cycle_effect= »fade » cycle_interval= »10&Prime; show_thumbnail_link= »1&Prime; thumbnail_link_text= »[Montrer sous forme de vignettes] » order_by= »sortorder » order_direction= »ASC » returns= »included » maximum_entity_count= »500&Prime;]<div class="su-divider su-divider-style-default" style="margin:15px 0;border-width:3px;border-color:#999999"></div>
<p><strong><em>PHOTOS DU VOYAGE EN ALSACE &#8211; MAI 2018</em></strong></p>
[ngg_images source= »galleries » container_ids= »7&Prime; display_type= »photocrati-nextgen_basic_slideshow » gallery_width= »600&Prime; gallery_height= »400&Prime; cycle_effect= »fade » cycle_interval= »10&Prime; show_thumbnail_link= »1&Prime; thumbnail_link_text= »[Montrer sous forme de vignettes] » order_by= »sortorder » order_direction= »ASC » returns= »included » maximum_entity_count= »500&Prime;]&nbsp;</p>
<p><strong><em>PHOTOS DE LA JOURNEE A MONTMEDY &#8211; SEPTEMBRE 2019<br />
</em></strong></p>
<p><span style="text-decoration: underline;"><strong>Répétition:</strong></span></p>
[ngg_images source= »galleries » container_ids= »8&Prime; display_type= »photocrati-nextgen_basic_slideshow » gallery_width= »600&Prime; gallery_height= »400&Prime; cycle_effect= »fade » cycle_interval= »10&Prime; show_thumbnail_link= »1&Prime; thumbnail_link_text= »[Montrer sous forme de vignettes] » order_by= »sortorder » order_direction= »ASC » returns= »included » maximum_entity_count= »500&Prime;]&nbsp;</p>
<p><span style="text-decoration: underline;"><strong>Repas:</strong></span></p>
[ngg_images source= »galleries » container_ids= »9&Prime; display_type= »photocrati-nextgen_basic_slideshow » gallery_width= »600&Prime; gallery_height= »400&Prime; cycle_effect= »fade » cycle_interval= »10&Prime; show_thumbnail_link= »1&Prime; thumbnail_link_text= »[Montrer sous forme de vignettes] » order_by= »sortorder » order_direction= »ASC » returns= »included » maximum_entity_count= »500&Prime;]&nbsp;</p>
<p><strong><em>SOUVENIRS DE MARIE-JO décédée le 20/11/2020</p>
<p>Merci à ceux qui ont effectué les recherches pour trouver toutes ces photos souvenir</em></strong></p>
[ngg_images source= »galleries » container_ids= »13&Prime; display_type= »photocrati-nextgen_basic_slideshow » gallery_width= »600&Prime; gallery_height= »400&Prime; cycle_effect= »fade » cycle_interval= »10&Prime; show_thumbnail_link= »1&Prime; thumbnail_link_text= »[Montrer sous forme de vignettes] » order_by= »sortorder » order_direction= »ASC » returns= »included » maximum_entity_count= »500&Prime;]&nbsp;</p>
