{"id":67,"date":"2017-01-24T17:51:18","date_gmt":"2017-01-24T16:51:18","guid":{"rendered":"http:\/\/xn--choeurprlude-ieb.be\/?page_id=67"},"modified":"2021-10-16T09:57:22","modified_gmt":"2021-10-16T07:57:22","slug":"qui-sommes-nous","status":"publish","type":"page","link":"https:\/\/xn--choeurprlude-ieb.be\/?page_id=67","title":{"rendered":"Qui sommes-nous ?"},"content":{"rendered":"<h1>[alert-success]Choeur PR\u00c9LUDE &#8211; Habay-la-Neuve[\/alert-success]<\/h1>\n<h2>[alert-announce]Pr\u00e9sentation du ch\u0153ur[\/alert-announce]<\/h2>\n<p>Le ch\u0153ur \u00ab&nbsp;Pr\u00e9lude&nbsp;\u00bb a \u00e9t\u00e9 cr\u00e9\u00e9 \u00e0 Habay-la-Neuve, en province de Luxembourg (Belgique) en 1988 par quelques amateurs de musique et de chant choral. Il a d\u2019abord \u00e9volu\u00e9 sous la direction de G\u00e9rard Nikels et, depuis 1997, il b\u00e9n\u00e9ficie de la comp\u00e9tence musicale et du dynamisme d\u2019Isabelle Poncelet comme chef de ch\u0153ur.<\/p>\n<p>Pr\u00e9lude est un ch\u0153ur profane et amateur. Il rassemble une trentaine de choristes venus d\u2019Habay-la-Neuve et des communes avoisinantes.<\/p>\n<p>Des concerts, g\u00e9n\u00e9ralement \u00e0 cappella, ont \u00e9t\u00e9 pr\u00e9sent\u00e9s dans de nombreux endroits de la Province de Luxembourg et, plus largement en Wallonie, dans le Nord de la France, au Grand-Duch\u00e9 de Luxembourg. Un voyage en Norv\u00e8ge en mai 2005 et l\u2019accueil en retour en juin 2006 de l\u2019ensemble vocal \u00ab&nbsp;Vox Egeri&nbsp;\u00bb de Hokksund (\u00e0 50 Km de Oslo) resteront des moments forts pour Pr\u00e9lude et ses membres.<\/p>\n<p>La programmation de Pr\u00e9lude est habituellement construite autour de deux th\u00e8mes, l\u2019un choisi dans les \u0153uvres sacr\u00e9es, l\u2019autre issu des pi\u00e8ces profanes. Ces deux th\u00e8mes nous permettent d\u2019approfondir un r\u00e9pertoire allant de la fin du Moyen-\u00c2ge \u00e0 l\u2019\u00e9poque contemporaine et provenant de diff\u00e9rentes r\u00e9gions europ\u00e9ennes&nbsp;:<\/p>\n<ul>\n<li>2002 \u2013 2005&nbsp;:\n<ul>\n<li>musique sacr\u00e9e baroque (reconstitution d\u2019une messe \u00e0 l\u2019ancienne)<\/li>\n<li>la nature et les oiseaux,.<\/li>\n<\/ul>\n<\/li>\n<li>2006 \u2013 2010&nbsp;:\n<ul>\n<li>la M\u00e8re (de J\u00e9sus)<\/li>\n<li>la mer (des marins)<\/li>\n<\/ul>\n<\/li>\n<li>2008 a marqu\u00e9 les 20 ans de Pr\u00e9lude.<\/li>\n<li>2011 \u2013 2012&nbsp;: deux nouveaux programmes pouvant \u00eatre accompagn\u00e9s d\u2019un orchestre de chambre&nbsp;:\n<ul>\n<li>Les amoureux de la Renaissance Italienne,<\/li>\n<li>La messe de Minuit de Charpentier et autres \u0153uvres de No\u00ebl<\/li>\n<\/ul>\n<\/li>\n<li>2013 \u20132014 :\n<ul>\n<li>Programme dans le cadre des manifestations comm\u00e9moratives pr\u00e9vues en 2014 pour le 100<sup>\u00e8me<\/sup> anniversaire de la guerre 14-18&nbsp;; Mass For Peace de \u00ab&nbsp;Karl Jenkins&nbsp;\u00bb<\/li>\n<\/ul>\n<\/li>\n<li>2015 : Missa Tango de&nbsp; Luis Bacalov et tango \u00e0 la carte Astor Piazzola avec orchestre<\/li>\n<li>2016 &#8211;&nbsp;2017 : Nouveau programme baroque autour de Bach sans Jean Sebastien.<\/li>\n<li>2017 &#8211; 2018 : Ch\u0153urs d&rsquo;op\u00e9ra (Wagner, Mascagni, Verdi) avec orchestre.<\/li>\n<li><span style=\"font-family: georgia, palatino, serif;\">2019: Outre diff\u00e9rents concerts allant du baroque \u00e0 la chanson italienne, Pr\u00e9lude est invit\u00e9 \u00e0 <span style=\"color: #000000;\">participer au tournage du<\/span> long m\u00e9trage \u00ab&nbsp;Rien qu\u2019une vie&nbsp;\u00bb, sur et avec Daniel G\u00e9rard \u00e0 Montm\u00e9dy, participation comprenant non seulement l&rsquo;enregistrement de la chanson \u00ab\u00a0Marie\u00a0\u00bb destin\u00e9e \u00e0 figurer sur la bande originale du film, mais \u00e9galement une partie de la figuration.<\/span><\/li>\n<li><span style=\"font-family: georgia, palatino, serif;\">2020: Apr\u00e8s un concert de l&rsquo;Epiphanie en d\u00e9but d&rsquo;ann\u00e9e, les prestations du ch\u0153ur ont \u00e9t\u00e9 malheureusement interrompues comme beaucoup d&rsquo;autres par la pand\u00e9mie du Covid.<\/span><\/li>\n<li><span style=\"font-family: georgia, palatino, serif;\">2021: Reprise de nos r\u00e9p\u00e9titions dans un local d&rsquo;une dimension suffisante pour pouvoir respecter les r\u00e8gles sanitaires encore en vigueur, local mis gracieusement \u00e0 notre disposition par une \u00e9cole d&rsquo;Habay-la-Neuve.<\/span><\/li>\n<\/ul>\n<p>Pr\u00e9lude est membre du mouvement international \u201cA C\u0153ur Joie\u201d.<br \/>\n<div class=\"su-divider su-divider-style-default\" style=\"margin:15px 0;border-width:3px;border-color:#999999\"><a href=\"#\" style=\"color:#1e2ef7\">Retour vers le haut<\/a><\/div>\n<h2>[alert-announce]Isabelle Poncelet, chef de ch\u0153ur[\/alert-announce]<\/h2>\n<p>Apr\u00e8s avoir \u00e9tudi\u00e9 le violon pendant une dizaine d\u2019ann\u00e9es \u00e0 l\u2019Acad\u00e9mie d\u2019Arlon, Isabelle Poncelet d\u00e9croche, en 1991 et avec Grande Distinction, une licence en Arch\u00e9ologie, Histoire de l\u2019art, option musicologie de l\u2019Universit\u00e9 Catholique de Louvain-la-Neuve. C\u2019est durant cette p\u00e9riode d\u2019\u00e9tude qu\u2019elle entre dans le ch\u0153ur Terpsichore de Namur. Ensuite, elle entreprend des \u00e9tudes de chant successivement aupr\u00e8s de Andr\u00e9 Gr\u00e9goire, Marie-Martine Degueldre, Greta De Reyghere et enfin chez Brigitte Chevign\u00e9e.<\/p>\n<p>Entre 1998 et 2007, Isabelle s\u2019est produite r\u00e9guli\u00e8rement avec le Ch\u0153ur de Chambre de Namur, essentiellement dans du r\u00e9pertoire de la Renaissance et de l\u2019\u00e9poque Baroque. C\u2019est ainsi qu\u2019elle a eu l\u2019occasion de chanter en Belgique, en France, en Hollande, en Espagne, au Canada, aux Etats-Unis\u2026 sous la direction de Paul Goodwin, Frieder Bernius, Sigiswald Kuijken, Philippe Herreweghe, Pierre Cao,&nbsp; Guy Van Waas, Jean Tubery, Christophe Rousset, \u2026 Certaines productions ont fait l\u2019objet d\u2019enregistrement notamment <em>L\u2019Office pour l\u2019Ordre de la Toison d\u2019Or<\/em> de Matheo Romero dirig\u00e9 par Jean Tubery et <em>Phil\u00e9mon et Baucis <\/em>avec <em>Les Talens Lyriques <\/em>sous la direction de Christophe Rousset.<\/p>\n<p>Parall\u00e8lement, Isabelle a \u00e9t\u00e9 professeur dans le d\u00e9partement p\u00e9dagogique de la haute \u00e9cole HENALLUX \u00e0 Bastogne. Elle a \u00e9galement d\u00e9croch\u00e9 une licence en histoire en 2005 \u00e0 l\u2019Universit\u00e9 Catholique de Louvain ce qui lui a permis d\u2019enseigner autant la musique que l\u2019histoire.<\/p>\n<p>Elle dirige le ch\u0153ur Pr\u00e9lude depuis 1997.<br \/>\n<div class=\"su-divider su-divider-style-default\" style=\"margin:15px 0;border-width:3px;border-color:#999999\"><a href=\"#\" style=\"color:#1e2ef7\">Retour vers le haut<\/a><\/div>\n<p>&nbsp;<\/p>\n","protected":false},"excerpt":{"rendered":"<p>[alert-success]Choeur PR\u00c9LUDE &#8211; Habay-la-Neuve[\/alert-success] [alert-announce]Pr\u00e9sentation du ch\u0153ur[\/alert-announce] Le ch\u0153ur \u00ab&nbsp;Pr\u00e9lude&nbsp;\u00bb a \u00e9t\u00e9 cr\u00e9\u00e9 \u00e0 Habay-la-Neuve, en province de Luxembourg (Belgique) en 1988 par quelques amateurs de musique et de chant choral. Il a d\u2019abord \u00e9volu\u00e9 sous la direction de G\u00e9rard &hellip; <a href=\"https:\/\/xn--choeurprlude-ieb.be\/?page_id=67\">Continuer la lecture <span class=\"meta-nav\">&rarr;<\/span><\/a><\/p>\n","protected":false},"author":14,"featured_media":0,"parent":0,"menu_order":10,"comment_status":"closed","ping_status":"closed","template":"","meta":{"footnotes":""},"_links":{"self":[{"href":"https:\/\/xn--choeurprlude-ieb.be\/index.php?rest_route=\/wp\/v2\/pages\/67"}],"collection":[{"href":"https:\/\/xn--choeurprlude-ieb.be\/index.php?rest_route=\/wp\/v2\/pages"}],"about":[{"href":"https:\/\/xn--choeurprlude-ieb.be\/index.php?rest_route=\/wp\/v2\/types\/page"}],"author":[{"embeddable":true,"href":"https:\/\/xn--choeurprlude-ieb.be\/index.php?rest_route=\/wp\/v2\/users\/14"}],"replies":[{"embeddable":true,"href":"https:\/\/xn--choeurprlude-ieb.be\/index.php?rest_route=%2Fwp%2Fv2%2Fcomments&post=67"}],"version-history":[{"count":16,"href":"https:\/\/xn--choeurprlude-ieb.be\/index.php?rest_route=\/wp\/v2\/pages\/67\/revisions"}],"predecessor-version":[{"id":2659,"href":"https:\/\/xn--choeurprlude-ieb.be\/index.php?rest_route=\/wp\/v2\/pages\/67\/revisions\/2659"}],"wp:attachment":[{"href":"https:\/\/xn--choeurprlude-ieb.be\/index.php?rest_route=%2Fwp%2Fv2%2Fmedia&parent=67"}],"curies":[{"name":"wp","href":"https:\/\/api.w.org\/{rel}","templated":true}]}}

<h1>[alert-success]Choeur PRÉLUDE &#8211; Habay-la-Neuve[/alert-success]</h1>
<h2>[alert-announce]Présentation du chœur[/alert-announce]</h2>
<p>Le chœur «&nbsp;Prélude&nbsp;» a été créé à Habay-la-Neuve, en province de Luxembourg (Belgique) en 1988 par quelques amateurs de musique et de chant choral. Il a d’abord évolué sous la direction de Gérard Nikels et, depuis 1997, il bénéficie de la compétence musicale et du dynamisme d’Isabelle Poncelet comme chef de chœur.</p>
<p>Prélude est un chœur profane et amateur. Il rassemble une trentaine de choristes venus d’Habay-la-Neuve et des communes avoisinantes.</p>
<p>Des concerts, généralement à cappella, ont été présentés dans de nombreux endroits de la Province de Luxembourg et, plus largement en Wallonie, dans le Nord de la France, au Grand-Duché de Luxembourg. Un voyage en Norvège en mai 2005 et l’accueil en retour en juin 2006 de l’ensemble vocal «&nbsp;Vox Egeri&nbsp;» de Hokksund (à 50 Km de Oslo) resteront des moments forts pour Prélude et ses membres.</p>
<p>La programmation de Prélude est habituellement construite autour de deux thèmes, l’un choisi dans les œuvres sacrées, l’autre issu des pièces profanes. Ces deux thèmes nous permettent d’approfondir un répertoire allant de la fin du Moyen-Âge à l’époque contemporaine et provenant de différentes régions européennes&nbsp;:</p>
<ul>
<li>2002 – 2005&nbsp;:
<ul>
<li>musique sacrée baroque (reconstitution d’une messe à l’ancienne)</li>
<li>la nature et les oiseaux,.</li>
</ul>
</li>
<li>2006 – 2010&nbsp;:
<ul>
<li>la Mère (de Jésus)</li>
<li>la mer (des marins)</li>
</ul>
</li>
<li>2008 a marqué les 20 ans de Prélude.</li>
<li>2011 – 2012&nbsp;: deux nouveaux programmes pouvant être accompagnés d’un orchestre de chambre&nbsp;:
<ul>
<li>Les amoureux de la Renaissance Italienne,</li>
<li>La messe de Minuit de Charpentier et autres œuvres de Noël</li>
</ul>
</li>
<li>2013 –2014 :
<ul>
<li>Programme dans le cadre des manifestations commémoratives prévues en 2014 pour le 100<sup>ème</sup> anniversaire de la guerre 14-18&nbsp;; Mass For Peace de «&nbsp;Karl Jenkins&nbsp;»</li>
</ul>
</li>
<li>2015 : Missa Tango de&nbsp; Luis Bacalov et tango à la carte Astor Piazzola avec orchestre</li>
<li>2016 &#8211;&nbsp;2017 : Nouveau programme baroque autour de Bach sans Jean Sebastien.</li>
<li>2017 &#8211; 2018 : Chœurs d&rsquo;opéra (Wagner, Mascagni, Verdi) avec orchestre.</li>
<li><span style="font-family: georgia, palatino, serif;">2019: Outre différents concerts allant du baroque à la chanson italienne, Prélude est invité à <span style="color: #000000;">participer au tournage du</span> long métrage «&nbsp;Rien qu’une vie&nbsp;», sur et avec Daniel Gérard à Montmédy, participation comprenant non seulement l&rsquo;enregistrement de la chanson « Marie » destinée à figurer sur la bande originale du film, mais également une partie de la figuration.</span></li>
<li><span style="font-family: georgia, palatino, serif;">2020: Après un concert de l&rsquo;Epiphanie en début d&rsquo;année, les prestations du chœur ont été malheureusement interrompues comme beaucoup d&rsquo;autres par la pandémie du Covid.</span></li>
<li><span style="font-family: georgia, palatino, serif;">2021: Reprise de nos répétitions dans un local d&rsquo;une dimension suffisante pour pouvoir respecter les règles sanitaires encore en vigueur, local mis gracieusement à notre disposition par une école d&rsquo;Habay-la-Neuve.</span></li>
</ul>
<p>Prélude est membre du mouvement international “A Cœur Joie”.<br />
<div class="su-divider su-divider-style-default" style="margin:15px 0;border-width:3px;border-color:#999999"><a href="#" style="color:#1e2ef7">Retour vers le haut</a></div>
<h2>[alert-announce]Isabelle Poncelet, chef de chœur[/alert-announce]</h2>
<p>Après avoir étudié le violon pendant une dizaine d’années à l’Académie d’Arlon, Isabelle Poncelet décroche, en 1991 et avec Grande Distinction, une licence en Archéologie, Histoire de l’art, option musicologie de l’Université Catholique de Louvain-la-Neuve. C’est durant cette période d’étude qu’elle entre dans le chœur Terpsichore de Namur. Ensuite, elle entreprend des études de chant successivement auprès de André Grégoire, Marie-Martine Degueldre, Greta De Reyghere et enfin chez Brigitte Chevignée.</p>
<p>Entre 1998 et 2007, Isabelle s’est produite régulièrement avec le Chœur de Chambre de Namur, essentiellement dans du répertoire de la Renaissance et de l’époque Baroque. C’est ainsi qu’elle a eu l’occasion de chanter en Belgique, en France, en Hollande, en Espagne, au Canada, aux Etats-Unis… sous la direction de Paul Goodwin, Frieder Bernius, Sigiswald Kuijken, Philippe Herreweghe, Pierre Cao,&nbsp; Guy Van Waas, Jean Tubery, Christophe Rousset, … Certaines productions ont fait l’objet d’enregistrement notamment <em>L’Office pour l’Ordre de la Toison d’Or</em> de Matheo Romero dirigé par Jean Tubery et <em>Philémon et Baucis </em>avec <em>Les Talens Lyriques </em>sous la direction de Christophe Rousset.</p>
<p>Parallèlement, Isabelle a été professeur dans le département pédagogique de la haute école HENALLUX à Bastogne. Elle a également décroché une licence en histoire en 2005 à l’Université Catholique de Louvain ce qui lui a permis d’enseigner autant la musique que l’histoire.</p>
<p>Elle dirige le chœur Prélude depuis 1997.<br />
<div class="su-divider su-divider-style-default" style="margin:15px 0;border-width:3px;border-color:#999999"><a href="#" style="color:#1e2ef7">Retour vers le haut</a></div>
<p>&nbsp;</p>

<p>[alert-success]Choeur PRÉLUDE &#8211; Habay-la-Neuve[/alert-success] [alert-announce]Présentation du chœur[/alert-announce] Le chœur «&nbsp;Prélude&nbsp;» a été créé à Habay-la-Neuve, en province de Luxembourg (Belgique) en 1988 par quelques amateurs de musique et de chant choral. Il a d’abord évolué sous la direction de Gérard &hellip; <a href="https://xn--choeurprlude-ieb.be/?page_id=67">Continuer la lecture <span class="meta-nav">&rarr;</span></a></p>
